{"id":22,"date":"2018-07-31T14:37:27","date_gmt":"2018-07-31T17:37:27","guid":{"rendered":"http:\/\/www.worshiphouse.com.br\/page\/?page_id=22"},"modified":"2026-01-27T01:55:47","modified_gmt":"2026-01-27T04:55:47","slug":"no-que-cremos","status":"publish","type":"page","link":"https:\/\/www.worshiphouse.com.br\/page\/no-que-cremos\/","title":{"rendered":"No que cremos"},"content":{"rendered":"\n<p>A vis\u00e3o apresentada abaixo guia como o evento \u00e9 realizado e seus objetivos, baseado na vis\u00e3o do l\u00edder deste minist\u00e9rio, n\u00e3o representando a vis\u00e3o dos convidados e demais membros da banda, que s\u00e3o crist\u00e3os e seguem as doutrinas de suas denomina\u00e7\u00f5es, por\u00e9m optaram em colaborar com esta ferramenta (evento).<br><em>Refer\u00eancias b\u00edblicas: Romanos 14:1-4; Ef\u00e9sios 4:1-6; 1 Cor\u00edntios 12:4-7<\/em><\/p>\n\n\n\n<h1 class=\"wp-block-heading\">Nossos Alicerces.<\/h1>\n\n\n\n<p>Cremos nos 5 solas e temos 3 outros alicerces que gostar\u00edamos de destacar como base para a nossa f\u00e9, s\u00e3o eles: a comunh\u00e3o, o amor e o Esp\u00edrito Santo para a igreja.<br><em>Refer\u00eancias b\u00edblicas: Judas 1:3; 2 Tim\u00f3teo 1:13; Atos 2:42<\/em><\/p>\n\n\n\n<p>Embora possam ser observados dentro da \u201cSola Scriptura\u201d, quando pensamos em alicerces fundamentais, cremos que eles possuem um papel de grande import\u00e2ncia na caminhada crist\u00e3, por isso, na vis\u00e3o deste minist\u00e9rio, chamando ou n\u00e3o de \u201cSola\u201d, entendemos que estes 8 princ\u00edpios fazem parte da base fundamental da vida crist\u00e3.<br><em>Refer\u00eancias b\u00edblicas: 2 Tim\u00f3teo 3:16-17; Atos 17:11; Salmo 119:105<\/em><\/p>\n\n\n\n<blockquote class=\"wp-block-quote is-layout-flow wp-block-quote-is-layout-flow\">\n<h3 class=\"wp-block-heading\">Soli Deo gloria (gl\u00f3ria somente a Deus)<\/h3>\n\n\n\n<p>A gl\u00f3ria, louvor e adora\u00e7\u00e3o somente a Deus. Amar a Deus sobre todas as coisas;<br><em>Refer\u00eancias b\u00edblicas: Romanos 11:36; 1 Cor\u00edntios 10:31; Isa\u00edas 42:8; Mateus 22:37<\/em><\/p>\n\n\n\n<h3 class=\"wp-block-heading\">Sola fide (somente a f\u00e9)<\/h3>\n\n\n\n<p>Quem crer e for batizado (arrependimento) ser\u00e1 salvo;<br><em>Refer\u00eancias b\u00edblicas: Ef\u00e9sios 2:8-9; Romanos 3:28; Romanos 5:1; Marcos 16:16; Atos 2:38<\/em><\/p>\n\n\n\n<h3 class=\"wp-block-heading\">Sola scriptura (somente a Escritura)<\/h3>\n\n\n\n<p>A liberdade e a liberta\u00e7\u00e3o v\u00eam pelo conhecimento da verdade (a palavra);<br><em>Refer\u00eancias b\u00edblicas: 2 Tim\u00f3teo 3:16-17; Jo\u00e3o 8:31-32; Salmo 119:9,11<\/em><\/p>\n\n\n\n<h3 class=\"wp-block-heading\">Solus Christus (somente Cristo)<\/h3>\n\n\n\n<p>Cristo \u00e9 o \u00fanico caminho entre os homens e Deus, n\u00e3o h\u00e1 intermedi\u00e1rios;<br><em>Refer\u00eancias b\u00edblicas: Jo\u00e3o 14:6; Atos 4:12; 1 Tim\u00f3teo 2:5<\/em><\/p>\n\n\n\n<h3 class=\"wp-block-heading\">Sola gratia (somente a gra\u00e7a)<\/h3>\n\n\n\n<p>Para aquele que est\u00e1 em Cristo, a salva\u00e7\u00e3o \u00e9 exclusivamente pela gra\u00e7a;<br><em>Refer\u00eancias b\u00edblicas: Ef\u00e9sios 2:8-10; Tito 3:5-7; Romanos 3:24<\/em><\/p>\n<\/blockquote>\n\n\n\n<h2 class=\"wp-block-heading\">Nossos outros 3 alicerces:<\/h2>\n\n\n\n<blockquote class=\"wp-block-quote is-layout-flow wp-block-quote-is-layout-flow\">\n<h3 class=\"wp-block-heading\">Somente o amor<\/h3>\n\n\n\n<p>O amor \u00e9 o maior dos dons, o princ\u00edpio que norteia as a\u00e7\u00f5es do crist\u00e3o. Ele \u00e9 fundamental, pois n\u00e3o h\u00e1 igreja sem o amor a Deus e ao pr\u00f3ximo;<br><em>Refer\u00eancias b\u00edblicas: 1 Cor\u00edntios 13:1-13; Jo\u00e3o 13:34-35; Mateus 22:39-40<\/em><\/p>\n\n\n\n<h3 class=\"wp-block-heading\">Somente a comunh\u00e3o<\/h3>\n\n\n\n<p>A comunh\u00e3o \u00e9 a base para o corpo da Igreja, amando ao pr\u00f3ximo como a si mesmo. Sabendo que somos parte do mesmo corpo, muitos ensinamentos se baseiam na concord\u00e2ncia ou nos atos realizados ao pr\u00f3ximo, n\u00e3o permitindo que digamos que a comunh\u00e3o \u00e9 algo opcional na vida crist\u00e3;<br><em>Refer\u00eancias b\u00edblicas: Atos 2:42-47; Hebreus 10:24-25; 1 Cor\u00edntios 12:12-27; 1 Jo\u00e3o 1:7<\/em><\/p>\n\n\n\n<h3 class=\"wp-block-heading\">Somente o Esp\u00edrito Santo<\/h3>\n\n\n\n<p>Somente o Esp\u00edrito Santo convence o homem do pecado, leva ao entendimento da verdade e nenhum argumento vindo do homem carnal consegue convencer outro homem. Se n\u00e3o h\u00e1 outra forma de convencimento, logo ele \u00e9 um alicerce importante;<br><em>Refer\u00eancias b\u00edblicas: Jo\u00e3o 16:8-13; 1 Cor\u00edntios 2:14; 2 Cor\u00edntios 3:6; Tito 3:5<\/em><\/p>\n<\/blockquote>\n\n\n\n<h1 class=\"wp-block-heading\">Nossos Deveres<\/h1>\n\n\n\n<ul class=\"wp-block-list\">\n<li>Amar a Deus sobre todas as coisas e ao pr\u00f3ximo como a n\u00f3s mesmos;<br><em>Refer\u00eancias b\u00edblicas: Deuteron\u00f4mio 6:5; Lev\u00edtico 19:18; Mateus 22:37-40<\/em><\/li>\n\n\n\n<li>Pregar o evangelho, anunciando a vinda do filho do homem, sua morte, ressurrei\u00e7\u00e3o e que um dia voltar\u00e1, pregando o arrependimento dos pecados e a f\u00e9 em Cristo;<br><em>Refer\u00eancias b\u00edblicas: Mateus 28:18-20; Marcos 16:15; 1 Cor\u00edntios 15:3-4; Atos 1:11; 2 Tim\u00f3teo 4:2<\/em><\/li>\n\n\n\n<li>Suportar uns aos outros;<br><em>Refer\u00eancias b\u00edblicas: Ef\u00e9sios 4:2; Colossenses 3:13; G\u00e1latas 6:2<\/em><\/li>\n\n\n\n<li>Priorizar a comunh\u00e3o e o bom relacionamento com os irm\u00e3os;<br><em>Refer\u00eancias b\u00edblicas: Atos 2:42; Hebreus 10:24-25; Salmo 133:1<\/em><\/li>\n\n\n\n<li>Viver o fruto do esp\u00edrito e lutar diariamente contra as obras da carne;<br><em>Refer\u00eancias b\u00edblicas: G\u00e1latas 5:16-25; Romanos 8:13; 1 Pedro 1:14-16<\/em><\/li>\n\n\n\n<li>Buscar os dons do Esp\u00edrito com zelo, entendendo que s\u00e3o para edifica\u00e7\u00e3o da Igreja;<br><em>Refer\u00eancias b\u00edblicas: 1 Cor\u00edntios 12:7-11; 1 Cor\u00edntios 14:1,12; 1 Tessalonicenses 5:19-21; Atos 2:17-18<\/em><\/li>\n\n\n\n<li>Somos um corpo, uma estrutura horizontal, dependente do relacionamento entre si;<br><em>Refer\u00eancias b\u00edblicas: 1 Cor\u00edntios 12:12-27; Ef\u00e9sios 4:15-16; Marcos 10:42-45<\/em><\/li>\n<\/ul>\n\n\n\n<h1 class=\"wp-block-heading\">Ferramentas<\/h1>\n\n\n\n<ul class=\"wp-block-list\">\n<li>As artes, como a m\u00fasica, dan\u00e7a e encena\u00e7\u00f5es, s\u00e3o ferramentas que podem auxiliar na prega\u00e7\u00e3o da mensagem de Cristo;<br><em>Refer\u00eancias b\u00edblicas: Salmo 150:3-6; Colossenses 3:16; Ef\u00e9sios 5:19<\/em><\/li>\n\n\n\n<li>Pr\u00e9dios, som, ilumina\u00e7\u00e3o, ve\u00edculos, entre outros materiais, s\u00e3o ferramentas de apoio, o meio para realizar algo, mas nunca o fim, que pode ser sempre alcan\u00e7ado, independentemente de ter ou n\u00e3o uma destas ferramentas.<br><em>Refer\u00eancias b\u00edblicas: Jo\u00e3o 4:21-24; Atos 7:48-50; 1 Cor\u00edntios 3:6-7<\/em><\/li>\n\n\n\n<li>Entendemos que os eventos do Worship House s\u00e3o ferramentas e n\u00e3o o fim, a comunidade dos santos n\u00e3o pode ter sua f\u00e9 baseada em eventos ou ferramentas;<br><em>Refer\u00eancias b\u00edblicas: 2 Cor\u00edntios 5:7; Hebreus 10:24-25; 1 Cor\u00edntios 2:5<\/em><\/li>\n<\/ul>\n\n\n\n<h1 class=\"wp-block-heading\">O que n\u00e3o somos\u2026<\/h1>\n\n\n\n<ul class=\"wp-block-list\">\n<li>N\u00e3o somos uma nova denomina\u00e7\u00e3o ou igreja;<br><em>Refer\u00eancias b\u00edblicas: Ef\u00e9sios 4:4-6; 1 Cor\u00edntios 1:10-13; Jo\u00e3o 17:20-23<\/em><\/li>\n\n\n\n<li>N\u00e3o somos uma nova onda ou movimento, vamos incentivar o resgate do movimento original: Ide e prega o evangelho a toda a criatura;<br><em>Refer\u00eancias b\u00edblicas: Mateus 28:19-20; Marcos 16:15; Atos 1:8<\/em><\/li>\n\n\n\n<li>N\u00e3o somos uma empresa para gerar emprego para desocupados;<br><em>Refer\u00eancias b\u00edblicas: 2 Cor\u00edntios 2:17; 1 Pedro 5:2; Atos 20:33-35<\/em><\/li>\n\n\n\n<li>N\u00e3o somos um grupo interessado em agradar os grupos e lideran\u00e7as n\u00e3o comprometidas com o evangelho;<br><em>Refer\u00eancias b\u00edblicas: G\u00e1latas 1:10; 2 Tim\u00f3teo 4:3-4; Prov\u00e9rbios 29:25<\/em><\/li>\n<\/ul>\n\n\n\n<h1 class=\"wp-block-heading\">Refutamos:<\/h1>\n\n\n\n<ul class=\"wp-block-list\">\n<li>A judaiza\u00e7\u00e3o da igreja crist\u00e3 atrav\u00e9s do uso de s\u00edmbolos judaicos e a atribui\u00e7\u00e3o de poderes sobrenaturais a eles, como substitutos \u00e0 f\u00e9;<br><em>Refer\u00eancias b\u00edblicas: Atos 15:1-11; G\u00e1latas 5:1-6; Colossenses 2:16-23; Hebreus 9:9-10<\/em><\/li>\n\n\n\n<li>A supervaloriza\u00e7\u00e3o e a segrega\u00e7\u00e3o do corpo de Cristo por meio de cargos e do autoritarismo;<br><em>Refer\u00eancias b\u00edblicas: Mateus 23:8-12; Marcos 10:42-45; 1 Pedro 5:2-3<\/em><\/li>\n\n\n\n<li>A supervaloriza\u00e7\u00e3o de qualquer outro elemento, ato ou ferramenta em detrimento da palavra;<br><em>Refer\u00eancias b\u00edblicas: Colossenses 2:8; Marcos 7:8-13; 2 Tim\u00f3teo 4:2-4<\/em><\/li>\n\n\n\n<li>A exist\u00eancia do cargo ou posi\u00e7\u00e3o de ap\u00f3stolos atualmente como parte de uma estrutura hier\u00e1rquica (cargo mais elevado que os demais), ou a busca por novos cargos extra b\u00edblicos. Apoiamos a tese de que a posi\u00e7\u00e3o de ap\u00f3stolo \u00e9 primeiramente atribu\u00edda para aqueles que foram testemunhas, tendo contato direto e sendo diretamente comissionadas por Cristo, e para aqueles enviados hoje como mission\u00e1rios e pastores que saem para abrir novas igrejas e desbravar regi\u00f5es ou povos que n\u00e3o foram evangelizados (ou devidamente evangelizados);<br><em>Refer\u00eancias b\u00edblicas: Ef\u00e9sios 2:20; Apocalipse 21:14; Atos 1:21-22; 2 Cor\u00edntios 12:12; Atos 13:2-3<\/em><\/li>\n\n\n\n<li>Os cargos s\u00e3o of\u00edcios e n\u00e3o t\u00edtulos atribu\u00eddos aos escolhidos pela congrega\u00e7\u00e3o, ou seja, um bispo, presb\u00edtero, pastor ou di\u00e1cono s\u00f3 s\u00e3o chamados assim enquanto exercem seu of\u00edcio. Para aqueles que se formaram em teologia, \u00e9 lhes atribu\u00eddo o t\u00edtulo de te\u00f3logo;<br><em>Refer\u00eancias b\u00edblicas: 1 Tim\u00f3teo 3:1-13; Tito 1:5-9; 1 Pedro 5:1-4<\/em><\/li>\n\n\n\n<li>A possibilidade de qualquer l\u00edder religioso segurar, prender ou reter a b\u00ean\u00e7\u00e3o, ou maldi\u00e7\u00e3o, sobre a vida de qualquer pessoa;<br><em>Refer\u00eancias b\u00edblicas: G\u00e1latas 3:13; Romanos 8:1; Ezequiel 18:20; Atos 8:18-23<\/em><\/li>\n\n\n\n<li>Qualquer tentativa de tornar o corpo de Cristo em uma estrutura de pir\u00e2mide de poder ou de aproxima\u00e7\u00e3o de t\u00e9cnicas similares \u00e0s pir\u00e2mides financeiras;<br><em>Refer\u00eancias b\u00edblicas: Mateus 20:25-28; Jo\u00e3o 13:14-15; 2 Cor\u00edntios 1:24<\/em><\/li>\n\n\n\n<li>A comercializa\u00e7\u00e3o da f\u00e9 atrav\u00e9s da venda de t\u00e9cnicas, metodologias e aparatos n\u00e3o b\u00edblicos para o crescimento da igreja ou da arrecada\u00e7\u00e3o;<br><em>Refer\u00eancias b\u00edblicas: 2 Pedro 2:1-3; 1 Tim\u00f3teo 6:5-10; Atos 8:18-20; 2 Cor\u00edntios 2:17<\/em><\/li>\n\n\n\n<li>A tentativa de tornar exce\u00e7\u00f5es b\u00edblicas, a\u00e7\u00f5es secund\u00e1rias que n\u00e3o possuem o prop\u00f3sito de ser um alicerce para a vida crist\u00e3 em doutrinas;<br><em>Refer\u00eancias b\u00edblicas: 1 Cor\u00edntios 4:6; Deuteron\u00f4mio 29:29; Colossenses 2:20-23<\/em><\/li>\n\n\n\n<li>O uso de s\u00edmbolos e objetos chamados de santos, sagrados ou milagrosos;<br><em>Refer\u00eancias b\u00edblicas: \u00caxodo 20:4-5; 1 Jo\u00e3o 5:21; Atos 17:29<\/em><\/li>\n\n\n\n<li>A cobertura espiritual pastoral e suas maldi\u00e7\u00f5es associadas, entendemos que todos devem cuidar uns dos outros, cada irm\u00e3o tem responsabilidade sobre o outro, dando suporte e amor;<br><em>Refer\u00eancias b\u00edblicas: G\u00e1latas 5:1; Ezequiel 34:2-4; G\u00e1latas 6:2; 1 Tessalonicenses 5:11<\/em><\/li>\n\n\n\n<li>A exclusividade dos sacerdotes no ouvir a confiss\u00e3o dos pecados, voltando-se para a orienta\u00e7\u00e3o original da B\u00edblia que recomenda que confessarmos os pecados uns dos outros;<br><em>Refer\u00eancias b\u00edblicas: Tiago 5:16; 1 Jo\u00e3o 1:9; Prov\u00e9rbios 28:13<\/em><\/li>\n\n\n\n<li>A Santa Ceia como um sacramento exercido exclusivamente por sacerdotes ou l\u00edderes, realizado em datas espec\u00edficas. Todo crist\u00e3o, ao se reunir para uma refei\u00e7\u00e3o em comunh\u00e3o com outros irm\u00e3os em que Cristo seja o centro, pode celebrar a ceia do Senhor.<br><em>Refer\u00eancias b\u00edblicas: 1 Cor\u00edntios 11:23-26; Atos 2:46; Atos 20:7; 1 Pedro 2:9<\/em><\/li>\n\n\n\n<li>O D\u00edzimo para os gentios nos moldes do Antigo Testamento, assim como as maldi\u00e7\u00f5es associadas a ele, uma vez que o pacto foi realizado entre as 12 tribos, dando o direito a tribo de Levi de ter esta arrecada\u00e7\u00e3o como heran\u00e7a e as outras 11 tribos respons\u00e1veis pelo pagamento do d\u00edzimo como retribui\u00e7\u00e3o pelo servi\u00e7o prestado e perda da heran\u00e7a. Este pacto N\u00c3O SE ESTENDE aos gentios.<br><em>Refer\u00eancias b\u00edblicas: N\u00fameros 18:21-24; Nehemias 10:37-38; Hebreus 8:13; Colossenses 2:13-14<\/em><\/li>\n\n\n\n<li>Entendemos que pode existir a necessidade de recursos para a realiza\u00e7\u00e3o de algumas obras e que a arrecada\u00e7\u00e3o necess\u00e1ria pode ser feita em comum acordo com a comunidade, sem usar amea\u00e7as e intimida\u00e7\u00f5es &#8220;espirituais&#8221; como meio de incentivo. Se a comunidade decidir contribuir para a constru\u00e7\u00e3o de pr\u00e9dio, aluguel, benfeitorias, sal\u00e1rios e caprichos de seus l\u00edderes, ser\u00e1 por responsabilidade dela pr\u00f3pria e n\u00e3o por imposi\u00e7\u00e3o dos l\u00edderes.<br><em>Refer\u00eancias b\u00edblicas: 2 Cor\u00edntios 9:7; 1 Cor\u00edntios 16:1-2; Atos 4:32-35<\/em><\/li>\n\n\n\n<li>O uso indiscriminado das arrecada\u00e7\u00f5es para constru\u00e7\u00e3o de pr\u00e9dios, compra de equipamentos e pagamento de sal\u00e1rios em detrimento dos necessitados, ao \u00f3rf\u00e3o e \u00e0 vi\u00fava, aqueles que est\u00e3o desamparados, nos voltando para as prioridades estabelecidas por Cristo;<br><em>Refer\u00eancias b\u00edblicas: Tiago 1:27; 1 Jo\u00e3o 3:17; Mateus 25:35-40; Atos 4:34-35<\/em><\/li>\n\n\n\n<li>Qualquer atribui\u00e7\u00e3o a Cristo ou \u00e0 B\u00edblia de proibi\u00e7\u00f5es criadas pelo homem, sem base b\u00edblica s\u00f3lida;<br><em>Refer\u00eancias b\u00edblicas: Marcos 7:7-13; Colossenses 2:20-23; 1 Tim\u00f3teo 4:1-5<\/em><\/li>\n\n\n\n<li>A centraliza\u00e7\u00e3o das decis\u00f5es e elei\u00e7\u00f5es dos l\u00edderes por meio de decis\u00f5es monocr\u00e1ticas ou por grupos n\u00e3o eleitos pela igreja local. Entendemos que o poder das decis\u00f5es e elei\u00e7\u00e3o de l\u00edderes (bispos, presb\u00edteros, pastores e di\u00e1conos) deve ser da igreja local, tendo o poder de destituir ou trocar sempre que a igreja achar necess\u00e1rio, por decis\u00e3o da maioria.<br><em>Refer\u00eancias b\u00edblicas: Atos 6:1-6; Atos 15:22; Mateus 18:17; 1 Cor\u00edntios 5:4-5<\/em><\/li>\n\n\n\n<li>A hip\u00f3tese de que pastores, bispos, presb\u00edteros e di\u00e1conos tenham algum poder ou direito material ou espiritual sobre a igreja, sendo escolhidos para servir a igreja, n\u00e3o tendo posi\u00e7\u00e3o maior ou menor de qualquer outro membro, servindo com exclusividade a noiva de Cristo e n\u00e3o o contr\u00e1rio, alinhadas com os requisitos de 1\u00ba Tim\u00f3teo 3;<br><em>Refer\u00eancias b\u00edblicas: 1 Pedro 5:2-3; 2 Cor\u00edntios 1:24; Atos 20:28; 1 Cor\u00edntios 3:21-23; 1 Tim\u00f3teo 3:1-13<\/em><\/li>\n\n\n\n<li>O ensino de que outros pecados al\u00e9m do contra o Esp\u00edrito Santo s\u00e3o imperdo\u00e1veis;<br><em>Refer\u00eancias b\u00edblicas: Mateus 12:31-32; Marcos 3:28-29; 1 Jo\u00e3o 1:9<\/em><\/li>\n<\/ul>\n\n\n\n<h1 class=\"wp-block-heading\">Complemento sobre vis\u00e3o pol\u00edtica:<\/h1>\n\n\n\n<ul class=\"wp-block-list\">\n<li>Cremos tamb\u00e9m que homens e mulheres saud\u00e1veis devem trabalhar e ganhar seu sustento, vivendo do suor do seu trabalho, n\u00e3o sendo um peso para a sua fam\u00edlia, igreja ou sociedade. Imprevistos podem ocorrer e a comunidade deve apoiar nestas situa\u00e7\u00f5es, mas nunca incentivar ou ajudar de forma indefinida, incentivando os pregui\u00e7osos e os aproveitadores;<br><em>Refer\u00eancias b\u00edblicas: 2 Tessalonicenses 3:10-12; Ef\u00e9sios 4:28; 1 Tessalonicenses 4:11-12; G\u00e1latas 6:10; Prov\u00e9rbios 6:6-11<\/em><\/li>\n\n\n\n<li>Todo crist\u00e3o representa o reino de Deus e a vis\u00e3o deste reino, o que por natureza n\u00e3o representa a vis\u00e3o de nenhum partido pol\u00edtico, em especial a esquerda ou direita;<br><em>Refer\u00eancias b\u00edblicas: Jo\u00e3o 18:36; Filipenses 3:20; 2 Cor\u00edntios 5:20; 1 Pedro 2:9-12<\/em><\/li>\n\n\n\n<li>Nossos eventos, reuni\u00f5es e projetos n\u00e3o far\u00e3o divulga\u00e7\u00e3o de pol\u00edticas ou propagandas favor\u00e1veis ou desfavor\u00e1veis, ficando a cargo de cada um, em sua vida como cidad\u00e3o, decidir como e o que fazem, nunca em nome deste projeto;<br><em>Refer\u00eancias b\u00edblicas: 2 Tim\u00f3teo 2:4; Tito 3:1-2; 1 Cor\u00edntios 9:19-23<\/em><\/li>\n\n\n\n<li>Cremos que a igreja tem o dever de cuidar dos necessitados, receber os cansados e oprimidos, em especial, cuidar dos \u00f3rf\u00e3os e das vi\u00favas;<br><em>Refer\u00eancias b\u00edblicas: Mateus 11:28; Tiago 1:27; Mateus 25:35-40; Isa\u00edas 58:6-10<\/em><\/li>\n<\/ul>\n","protected":false},"excerpt":{"rendered":"<p>A vis\u00e3o apresentada abaixo guia como o evento \u00e9 realizado e &#8230; <\/p>\n","protected":false},"author":2,"featured_media":0,"parent":0,"menu_order":0,"comment_status":"closed","ping_status":"closed","template":"","meta":{"jetpack_post_was_ever_published":false,"footnotes":""},"class_list":["post-22","page","type-page","status-publish","hentry"],"jetpack_sharing_enabled":true,"jetpack_shortlink":"https:\/\/wp.me\/PaagTu-m","jetpack-related-posts":[],"_links":{"self":[{"href":"https:\/\/www.worshiphouse.com.br\/page\/wp-json\/wp\/v2\/pages\/22","targetHints":{"allow":["GET"]}}],"collection":[{"href":"https:\/\/www.worshiphouse.com.br\/page\/wp-json\/wp\/v2\/pages"}],"about":[{"href":"https:\/\/www.worshiphouse.com.br\/page\/wp-json\/wp\/v2\/types\/page"}],"author":[{"embeddable":true,"href":"https:\/\/www.worshiphouse.com.br\/page\/wp-json\/wp\/v2\/users\/2"}],"replies":[{"embeddable":true,"href":"https:\/\/www.worshiphouse.com.br\/page\/wp-json\/wp\/v2\/comments?post=22"}],"version-history":[{"count":25,"href":"https:\/\/www.worshiphouse.com.br\/page\/wp-json\/wp\/v2\/pages\/22\/revisions"}],"predecessor-version":[{"id":8700,"href":"https:\/\/www.worshiphouse.com.br\/page\/wp-json\/wp\/v2\/pages\/22\/revisions\/8700"}],"wp:attachment":[{"href":"https:\/\/www.worshiphouse.com.br\/page\/wp-json\/wp\/v2\/media?parent=22"}],"curies":[{"name":"wp","href":"https:\/\/api.w.org\/{rel}","templated":true}]}}